{"id":6512,"date":"2026-03-12T16:31:00","date_gmt":"2026-03-12T19:31:00","guid":{"rendered":"https:\/\/mitsubishielectric.com.br\/evento\/mitsubishi-electric-participa-en-un-evento-en-la-unifio-junto-a-tecmaes-para-acercar-a-los-estudiantes-de-ingenieria-a-la-industria\/"},"modified":"2026-09-01T17:55:14","modified_gmt":"2026-09-01T20:55:14","slug":"mitsubishi-electric-participa-en-un-evento-en-la-unifio-junto-a-tecmaes-para-acercar-a-los-estudiantes-de-ingenieria-a-la-industria","status":"publish","type":"evento","link":"https:\/\/mitsubishielectric.com.br\/es\/evento\/mitsubishi-electric-participa-en-un-evento-en-la-unifio-junto-a-tecmaes-para-acercar-a-los-estudiantes-de-ingenieria-a-la-industria\/","title":{"rendered":"Mitsubishi Electric participa en un evento en la UNIFIO junto a TECMAES para acercar a los estudiantes de ingenier\u00eda a la industria."},"content":{"rendered":"\n<p class=\"wp-block-paragraph\">Mitsubishi Electric Brasil particip\u00f3 en el UNIFIO Talk \u2013 Engenharias, evento realizado los d\u00edas 10 y 11 de marzo por el Centro Universitario UNIFIO con el objetivo de acercar a los estudiantes a la realidad del mercado industrial.<\/p>\n\n<figure class=\"wp-block-image size-large\"><img fetchpriority=\"high\" decoding=\"async\" width=\"1024\" height=\"473\" src=\"https:\/\/mitsubishielectric.com.br\/wp-content\/uploads\/2026\/03\/Figura-1-1024x473.jpg\" alt=\"\" class=\"wp-image-4853\" title=\"\" srcset=\"https:\/\/mitsubishielectric.com.br\/wp-content\/uploads\/2026\/03\/Figura-1-1024x473.jpg 1024w, https:\/\/mitsubishielectric.com.br\/wp-content\/uploads\/2026\/03\/Figura-1-300x139.jpg 300w, https:\/\/mitsubishielectric.com.br\/wp-content\/uploads\/2026\/03\/Figura-1-768x355.jpg 768w, https:\/\/mitsubishielectric.com.br\/wp-content\/uploads\/2026\/03\/Figura-1-1536x710.jpg 1536w, https:\/\/mitsubishielectric.com.br\/wp-content\/uploads\/2026\/03\/Figura-1-2048x946.jpg 2048w\" sizes=\"(max-width: 1024px) 100vw, 1024px\" \/><\/figure>\n\n<p class=\"wp-block-paragraph\">El programa incluy\u00f3 charlas t\u00e9cnicas, demostraciones de equipos y momentos de interacci\u00f3n entre estudiantes y profesionales de la industria, promoviendo una conexi\u00f3n importante entre la formaci\u00f3n acad\u00e9mica y las demandas tecnol\u00f3gicas del sector.<\/p>\n\n<p class=\"wp-block-paragraph\">Entre los aspectos destacados estuvo el MEB Truck, que brind\u00f3 a los estudiantes una experiencia pr\u00e1ctica con tecnolog\u00edas de la Industria 4.0, incluyendo sistemas de monitoreo, interfaces de control y soluciones inteligentes aplicadas a la producci\u00f3n industrial.<\/p>\n\n<p class=\"wp-block-paragraph\">Iniciativas como esta refuerzan el compromiso de Mitsubishi Electric con la educaci\u00f3n y con el desarrollo de la pr\u00f3xima generaci\u00f3n de profesionales de la ingenier\u00eda.<\/p>\n\n<figure class=\"wp-block-image size-large\"><img decoding=\"async\" width=\"1024\" height=\"473\" src=\"https:\/\/mitsubishielectric.com.br\/wp-content\/uploads\/2026\/03\/Figura-5-1024x473.jpg\" alt=\"\" class=\"wp-image-4854\" title=\"\" srcset=\"https:\/\/mitsubishielectric.com.br\/wp-content\/uploads\/2026\/03\/Figura-5-1024x473.jpg 1024w, https:\/\/mitsubishielectric.com.br\/wp-content\/uploads\/2026\/03\/Figura-5-300x139.jpg 300w, https:\/\/mitsubishielectric.com.br\/wp-content\/uploads\/2026\/03\/Figura-5-768x355.jpg 768w, https:\/\/mitsubishielectric.com.br\/wp-content\/uploads\/2026\/03\/Figura-5-1536x710.jpg 1536w, https:\/\/mitsubishielectric.com.br\/wp-content\/uploads\/2026\/03\/Figura-5-2048x946.jpg 2048w\" sizes=\"(max-width: 1024px) 100vw, 1024px\" \/><\/figure>\n","protected":false},"featured_media":6520,"template":"","meta":{"_acf_changed":false},"class_list":["post-6512","evento","type-evento","status-publish","has-post-thumbnail","hentry"],"acf":[],"_links":{"self":[{"href":"https:\/\/mitsubishielectric.com.br\/es\/wp-json\/wp\/v2\/evento\/6512","targetHints":{"allow":["GET"]}}],"collection":[{"href":"https:\/\/mitsubishielectric.com.br\/es\/wp-json\/wp\/v2\/evento"}],"about":[{"href":"https:\/\/mitsubishielectric.com.br\/es\/wp-json\/wp\/v2\/types\/evento"}],"wp:featuredmedia":[{"embeddable":true,"href":"https:\/\/mitsubishielectric.com.br\/es\/wp-json\/wp\/v2\/media\/6520"}],"wp:attachment":[{"href":"https:\/\/mitsubishielectric.com.br\/es\/wp-json\/wp\/v2\/media?parent=6512"}],"curies":[{"name":"wp","href":"https:\/\/api.w.org\/{rel}","templated":true}]}}

Mitsubishi Electric participa en un evento en la UNIFIO junto a TECMAES para acercar a los estudiantes de ingeniería a la industria.

<p class="wp-block-paragraph">Mitsubishi Electric Brasil participó en el UNIFIO Talk – Engenharias, evento realizado los días 10 y 11 de marzo por el Centro Universitario UNIFIO con el objetivo de acercar a los estudiantes a la realidad del mercado industrial.</p>

<figure class="wp-block-image size-large"><img fetchpriority="high" decoding="async" width="1024" height="473" src="https://mitsubishielectric.com.br/wp-content/uploads/2026/03/Figura-1-1024x473.jpg" alt="" class="wp-image-4853" title="" srcset="https://mitsubishielectric.com.br/wp-content/uploads/2026/03/Figura-1-1024x473.jpg 1024w, https://mitsubishielectric.com.br/wp-content/uploads/2026/03/Figura-1-300x139.jpg 300w, https://mitsubishielectric.com.br/wp-content/uploads/2026/03/Figura-1-768x355.jpg 768w, https://mitsubishielectric.com.br/wp-content/uploads/2026/03/Figura-1-1536x710.jpg 1536w, https://mitsubishielectric.com.br/wp-content/uploads/2026/03/Figura-1-2048x946.jpg 2048w" sizes="(max-width: 1024px) 100vw, 1024px" /></figure>

<p class="wp-block-paragraph">El programa incluyó charlas técnicas, demostraciones de equipos y momentos de interacción entre estudiantes y profesionales de la industria, promoviendo una conexión importante entre la formación académica y las demandas tecnológicas del sector.</p>

<p class="wp-block-paragraph">Entre los aspectos destacados estuvo el MEB Truck, que brindó a los estudiantes una experiencia práctica con tecnologías de la Industria 4.0, incluyendo sistemas de monitoreo, interfaces de control y soluciones inteligentes aplicadas a la producción industrial.</p>

<p class="wp-block-paragraph">Iniciativas como esta refuerzan el compromiso de Mitsubishi Electric con la educación y con el desarrollo de la próxima generación de profesionales de la ingeniería.</p>

<figure class="wp-block-image size-large"><img decoding="async" width="1024" height="473" src="https://mitsubishielectric.com.br/wp-content/uploads/2026/03/Figura-5-1024x473.jpg" alt="" class="wp-image-4854" title="" srcset="https://mitsubishielectric.com.br/wp-content/uploads/2026/03/Figura-5-1024x473.jpg 1024w, https://mitsubishielectric.com.br/wp-content/uploads/2026/03/Figura-5-300x139.jpg 300w, https://mitsubishielectric.com.br/wp-content/uploads/2026/03/Figura-5-768x355.jpg 768w, https://mitsubishielectric.com.br/wp-content/uploads/2026/03/Figura-5-1536x710.jpg 1536w, https://mitsubishielectric.com.br/wp-content/uploads/2026/03/Figura-5-2048x946.jpg 2048w" sizes="(max-width: 1024px) 100vw, 1024px" /></figure>
